lse
Does 28 divide 49872408?
False
Is 121813185 a multiple of 74?
False
Does 61 divide 16341158?
False
Does 85 divide 14085010?
True
Is 1320 a factor of 100231560?
True
Is 283485720 a multiple of 7673?
False
Is 3904407 a multiple of 117?
True
Does 2950 divide 36491500?
True
Is 231 a factor of 4705732420?
False
Is 87 a factor of 260807817?
True
Is 146602391 a multiple of 154?
False
Is 4 a factor of 2011906031?
False
Is 188960936 a multiple of 98?
False
Is 2836 a factor of 945408783?
False
Is 89211759 a multiple of 13?
True
Is 1217678912 a multiple of 13?
False
Is 839356770 a multiple of 35?
True
Is 75587362 a multiple of 1306?
True
Is 68636884 a multiple of 11?
False
Is 131 a factor of 428583530?
True
Is 2532972579 a multiple of 11849?
True
Does 9 divide 169830?
True
Does 131 divide 804088611?
True
Is 58913406 a multiple of 8?
False
Is 60133533 a multiple of 1634?
False
Is 15 a factor of 103554793?
False
Is 2035 a factor of 4031363490?
True
Is 2363 a factor of 3569088?
False
Is 107 a factor of 2404955?
False
Does 240 divide 393943?
False
Is 726912 a multiple of 179?
False
Is 682228116 a multiple of 13?
False
Does 51 divide 157434399?
True
Does 112 divide 63265254?
False
Does 1372 divide 35312878?
False
Is 234025918 a multiple of 846?
False
Is 761 a factor of 2198419416?
True
Is 33 a factor of 28974396?
True
Is 337837635 a multiple of 3786?
False
Does 26 divide 241269227?
False
Is 144 a factor of 12104352?
True
Is 1304788654 a multiple of 26?
True
Does 25 divide 1454925?
True
Is 3 a factor of 16293411?
True
Is 122 a factor of 12022246?
True
Is 37 a factor of 14784112?
False
Does 1637 divide 2326571204?
False
Is 3066 a factor of 106365672?
True
Is 33691591 a multiple of 10?
False
Is 236 a factor of 111036995?
False
Is 29 a factor of 149586630?
False
Does 94 divide 45741248?
False
Does 442 divide 13351494?
True
Is 540075635 a multiple of 935?
True
Does 1579 divide 444818511?
True
Is 387569102 a multiple of 158?
True
Does 81 divide 129046284?
True
Is 3986 a factor of 340185576?
False
Does 7614 divide 45983238?
False
Is 160829998 a multiple of 203?
True
Does 1237 divide 2087647790?
True
Is 149 a factor of 5387011?
False
Is 91 a factor of 20817524?
True
Is 95 a factor of 191437445?
True
Is 690775816 a multiple of 8?
True
Is 492 a factor of 41674860?
True
Is 97 a factor of 4258591?
True
Does 144 divide 6108495?
False
Is 132 a factor of 1389839046?
False
Is 18 a factor of 508520177?
False
Is 7920 a factor of 1073738160?
True
Does 8 divide 748764241?
False
Is 11182079 a multiple of 850?
False
Is 29 a factor of 162308302?
True
Is 911 a factor of 2339649331?
True
Is 23986466 a multiple of 133?
False
Is 197 a factor of 376037934?
True
Is 5346138 a multiple of 8?
False
Is 135261468 a multiple of 95?
False
Does 347 divide 1107974338?
False
Is 69179770 a multiple of 590?
False
Is 3304 a factor of 378373353?
False
Does 28 divide 241350340?
True
Is 16690950 a multiple of 18?
True
Is 149 a factor of 1335099749?
True
Does 1313 divide 59175791?
False
Is 6102 a multiple of 25?
False
Is 517 a factor of 127587414?
False
Is 3841904 a multiple of 2?
True
Is 36097470 a multiple of 1259?
False
Is 11 a factor of 18891675?
True
Is 10297897 a multiple of 70?
False
Is 477277548 a multiple of 79?
False
Is 7 a factor of 23331013?
False
Is 135 a factor of 2708642970?
True
Does 8 divide 1018001136?
True
Does 423 divide 168557886?
True
Is 469765799 a multiple of 139?
False
Is 152 a factor of 277332295?
False
Is 92 a factor of 520990458?
False
Is 171 a factor of 629553087?
True
Is 352229079 a multiple of 2914?
False
Does 13 divide 382585879?
True
Is 129313080 a multiple of 130?
True
Is 4233000 a multiple of 300?
True
Is 2959 a factor of 45417869?
False
Does 2 divide 15276998?
True
Is 9830298 a multiple of 137?
True
Is 707766106 a multiple of 734?
True
Does 3770 divide 693483960?
True
Is 80394800 a multiple of 10?
True
Does 16 divide 146963061?
False
Is 41609495 a multiple of 2935?
True
Is 6807948915 a multiple of 278?
False
Is 924 a factor of 32294724?
True
Is 702839797 a multiple of 24?
False
Does 678 divide 431128674?
True
Does 7 divide 58181004?
True
Is 12 a factor of 2383210164?
True
Is 36587859 a multiple of 49?
True
Is 3092034 a multiple of 2?
True
Is 58002372 a multiple of 82?
True
Is 1902680 a multiple of 4?
True
Is 5156136 a multiple of 9?
True
Is 42 a factor of 15481470?
False
Is 45602123 a multiple of 949?
False
Does 83 divide 2319335483?
True
Is 15 a factor of 44143425?
True
Does 3183 divide 850093359?
True
Does 27 divide 143897824?
False
Does 2291 divide 21815707?
False
Is 91934975 a multiple of 1697?
True
Does 1348 divide 1251975220?
True
Is 27 a factor of 32057345?
False
Is 1060 a factor of 96267667?
False
Is 41182500 a multiple of 2500?
True
Is 12633275 a multiple of 155?
True
Is 5556119202 a multiple of 23?
False
Is 55997913 a multiple of 461?
False
Does 263 divide 1339459?
True
Does 4294 divide 293862693?
False
Is 12120660 a multiple of 620?
False
Is 16 a factor of 80344960?
True
Does 329 divide 214618184?
False
Is 401788496 a multiple of 8?
True
Is 83 a factor of 39049093?
True
Does 8 divide 3912?
True
Is 244867644 a multiple of 42?
True
Is 6 a factor of 5861020?
False
Is 8 a factor of 21107560?
True
Is 624843 a multiple of 217?
False
Does 25 divide 1657607118?
False
Is 41712722 a multiple of 18?
False
Does 149 divide 46484974?
False
Is 112 a factor of 294138102?
False
Is 68 a factor of 15822172?
True
Is 6103271 a multiple of 13?
False
Does 4 divide 2020675115?
False
Is 59201376 a multiple of 4056?
True
Does 37 divide 3961409?
False
Is 6548710 a multiple of 70?
True
Is 108 a factor of 27760829?
False
Does 58 divide 81394706?
True
Is 7183218 a multiple of 236?
False
Is 870042843 a multiple of 31?
False
Is 105653580 a multiple of 12?
True
Is 1073580695 a multiple of 451?
True
Is 3612364 a multiple of 2?
True
Does 298 divide 302654700?
False
Is 16592975 a multiple of 53?
True
Does 15 divide 14711204?
False
Does 10 divide 104436193?
False
Is 113 a factor of 2260415388?
True
Is 873011 a multiple of 3?
False
Is 9 a factor of 2547264051?
True
Is 15320 a factor of 6039043065?
False
Does 30 divide 24616151?
False
Is 69 a factor of 107253945?
True
Is 12 a factor of 181042367?
False
Is 536 a factor of 942488122?
False
Is 207 a factor of 1801261422?
True
Is 166 a factor of 97588075?
False
Is 14 a factor of 43101667?
False
Is 63 a factor of 158038256?
False
Is 603908695 a multiple of 394?
False
Is 87666805 a multiple of 1540?
False
Does 3579 divide 138480147?
False
Is 230888286 a multiple of 13?
False
Is 287717194 a multiple of 22?
False
Is 1193306413 a multiple of 354?
False
Is 2037758610 a multiple of 92?
False
Is 14 a factor of 2155245252?
False
Is 217 a factor of 6309209?
False
Is 5 a factor of 20934470?
True
Does 4 divide 18294305?
False
Does 37 divide 2513237321?
True
Does 12 divide 213290116?
False
Does 17 divide 1958888083?
False
Is 1164076447 a multiple of 7907?
True
Is 6 a factor of 503223120?
True
Does 30 divide 89080650?
True
Is 32660675 a multiple of 25?
True
Is 19 a factor of 82384209?
True
Is 20 a factor of 12284960?
True
Is 598070440 a multiple of 40?
True
Is 27821164 a multiple of 718?
False
Does 12 divide 15071453?
False
Is 701 a factor of 94093712?
False
Does 3 divide 12671845?
False
Does 114 divide 1187933425?
False
Is 1044 a factor of 29639160?
True
Is 18 a factor of 53982846?
True
Is 148340676 a multiple of 57?
True
Is 10676134 a multiple of 14?
True
Does 492 divide 14190690?
False
Is 217659274 a multiple of 1214?
True
Is 195272033 a multiple of 479?
False
Does 5925 divide 168412200?
True
Does 42 divide 29283162?
False
Is 333 a factor of 2055117?
False
Does 6678 divide 2921818662?
True
Is 664 a factor of 230739974?
False
Is 32 a factor of 6483448?
False
Is 129 a factor of 45597888?
True
Is 12890393 a multiple of 28?
False
Is 270813450 a multiple of 5090?
True
Is 2933612450 a multiple of 50?
True
Is 10 a factor of 13364343?
False
Does 136 divide 8307097?
False
Is 110617520 a multiple of 260?
True
Is 313492690 a multiple of 71?
True
Is 842308177 a multiple of 22?
False
Is 76201289 a multiple of 36?
False
Does 1455 divide 80091930?
True
Does 189 divide 1811187?
True
Does 13 divide 229377280?
False
Is 49 a factor of 75871357?
False
Does 11 divide 39122